?
True
Is 23 a factor of 59671453?
True
Is 1422 a factor of 145040254?
False
Does 3 divide 4041753?
True
Is 15 a factor of 907267?
False
Is 91802521 a multiple of 84?
False
Is 65 a factor of 88025080?
True
Does 357 divide 9022150?
False
Is 591191244 a multiple of 252?
True
Is 7 a factor of 26418238?
True
Is 24876909 a multiple of 1652?
False
Is 24424097 a multiple of 4?
False
Is 233353103 a multiple of 203?
False
Does 9 divide 242574663?
False
Is 11 a factor of 941146346?
False
Is 5244365 a multiple of 7?
True
Does 18 divide 64219268?
False
Does 41 divide 25832131?
False
Is 28323568 a multiple of 2744?
True
Is 3 a factor of 35871392?
False
Is 45882493 a multiple of 19?
False
Does 2626 divide 190319350?
True
Does 215 divide 87840830?
True
Does 55 divide 84070690?
True
Is 259423239 a multiple of 55?
False
Does 213 divide 166800064?
False
Is 173501440 a multiple of 34?
False
Is 347568480 a multiple of 5887?
True
Is 49 a factor of 1157925013?
False
Does 16 divide 11891760?
True
Does 504 divide 503914824?
True
Is 30377906 a multiple of 11?
False
Does 48 divide 18322128?
True
Does 866 divide 3476660107?
False
Does 52 divide 130077116?
True
Is 22800736 a multiple of 24?
False
Is 12025 a factor of 2276813500?
True
Does 10 divide 159064180?
True
Does 56 divide 246512?
True
Is 6 a factor of 62748174?
True
Does 803 divide 59764881?
True
Is 2947 a factor of 1669404000?
False
Does 8336 divide 1972831104?
True
Does 655 divide 793111335?
True
Is 245059519 a multiple of 4?
False
Is 176388465 a multiple of 13?
False
Does 81 divide 131529829?
False
Is 28 a factor of 276801835?
False
Is 29 a factor of 2038845628?
False
Is 45 a factor of 4302585?
True
Is 266631743 a multiple of 7?
True
Is 3 a factor of 374724774?
True
Is 12704301 a multiple of 589?
False
Does 2592 divide 126791319?
False
Is 1176 a factor of 1332944256?
True
Does 11 divide 6773553?
False
Is 1048 a factor of 122377088?
False
Is 700 a factor of 32763500?
True
Is 821 a factor of 32405558?
False
Is 55066731 a multiple of 14?
False
Does 120 divide 1308375058?
False
Is 1505 a factor of 2838430?
True
Is 113526047 a multiple of 2002?
False
Is 115534001 a multiple of 1367?
False
Is 517388200 a multiple of 10?
True
Does 9 divide 45907632?
True
Does 4 divide 112109387?
False
Does 792 divide 47921544?
True
Is 39 a factor of 11435733?
False
Does 2055 divide 1270713360?
True
Is 82124575 a multiple of 441?
False
Is 3844407685 a multiple of 3005?
True
Does 548 divide 94434100?
True
Does 5 divide 900354478?
False
Does 3312 divide 234105408?
True
Is 82566375 a multiple of 15?
True
Is 3870 a factor of 89211996?
False
Does 20 divide 30603460?
True
Does 308 divide 52606095?
False
Does 16 divide 381046273?
False
Does 25 divide 130685281?
False
Does 967 divide 3647450?
False
Does 30 divide 70138105?
False
Is 100401282 a multiple of 3078?
True
Is 9021 a factor of 517916806?
False
Is 304011576 a multiple of 66?
True
Does 35 divide 6886110?
True
Is 17 a factor of 87246907?
True
Is 4 a factor of 657071856?
True
Is 204 a factor of 1112638032?
True
Is 1001517 a multiple of 37?
False
Is 26 a factor of 1216752264?
True
Is 938032122 a multiple of 5442?
False
Is 179 a factor of 65969376?
True
Is 56389831 a multiple of 153?
False
Does 66 divide 784578630?
True
Is 15 a factor of 79402256?
False
Is 262698240 a multiple of 60?
True
Is 445 a factor of 587804923?
False
Does 74 divide 32029568?
True
Does 462 divide 464307228?
True
Is 1433 a factor of 54259835?
False
Is 46067947 a multiple of 127?
False
Is 217679336 a multiple of 44?
False
Is 16169208 a multiple of 22?
True
Is 1231966040 a multiple of 86?
False
Does 79 divide 580841812?
True
Is 11345 a factor of 1328705225?
False
Is 17 a factor of 185291179?
False
Is 89706680 a multiple of 140?
True
Is 269664150 a multiple of 38?
True
Is 4933285166 a multiple of 1788?
False
Is 2555 a factor of 260926820?
True
Is 27531910 a multiple of 70?
True
Is 36395079 a multiple of 21?
True
Is 23014278 a multiple of 449?
False
Is 1565 a factor of 73695850?
True
Is 66346320 a multiple of 1607?
False
Does 2265 divide 11587740?
True
Does 78 divide 5402514?
True
Is 9060040 a multiple of 44?
True
Is 60447160 a multiple of 314?
False
Is 34836360 a multiple of 137?
True
Is 130633688 a multiple of 8?
True
Is 58 a factor of 504055992?
False
Does 203 divide 744578996?
False
Is 158499941 a multiple of 2427?
False
Is 983 a factor of 20413961?
True
Does 24 divide 121858608?
True
Is 83129739 a multiple of 11?
True
Does 105 divide 2613510221?
False
Is 7019018 even?
True
Is 611780429 a multiple of 13?
True
Is 3 a factor of 10022077?
False
Is 3169078 a multiple of 211?
False
Is 490598001 a multiple of 92?
False
Is 22 a factor of 344665809?
False
Is 34 a factor of 5187620924?
True
Is 1226 a factor of 95238132?
True
Does 104 divide 5380440?
True
Does 334 divide 128764995?
False
Does 103 divide 526770840?
True
Does 224 divide 18052026?
False
Does 40 divide 4001200?
True
Does 3019 divide 3965351870?
False
Is 1075 a factor of 25364625?
True
Does 39 divide 204725671?
False
Is 126596449 a multiple of 885?
False
Does 110 divide 82130207?
False
Does 13 divide 699467145?
True
Is 56296373 even?
False
Does 231 divide 96739104?
True
Is 16 a factor of 15555392?
True
Is 209768659 a multiple of 420?
False
Does 154 divide 13143258?
False
Is 29860108 a multiple of 14?
False
Is 1492 a factor of 43922988?
True
Is 14846 a factor of 1473005274?
True
Is 107 a factor of 24505452?
False
Is 748 a factor of 59756224?
True
Does 67 divide 1903057682?
True
Does 54 divide 109933426?
False
Is 12309742 a multiple of 96?
False
Does 1183 divide 123583556?
False
Does 623 divide 28063607?
False
Does 543 divide 81906120?
True
Is 161 a factor of 2352719163?
False
Is 334 a factor of 32123598?
False
Is 7 a factor of 7017862?
False
Does 11 divide 827849744?
False
Is 18 a factor of 410734008?
True
Is 11607936 a multiple of 888?
True
Does 18 divide 132132839?
False
Is 23 a factor of 1460482037?
True
Does 21 divide 76974124?
False
Does 11 divide 209937017?
False
Does 572 divide 2958955123?
False
Does 86 divide 64175995?
False
Is 11 a factor of 41546035?
False
Is 46825990 a multiple of 34?
True
Does 5 divide 17260200?
True
Is 1229 a factor of 70682614?
False
Is 4723492569 a multiple of 41?
False
Does 23 divide 145156013?
True
Does 2 divide 2156128?
True
Is 14 a factor of 17044146?
True
Does 2 divide 200289686?
True
Is 97602933 a multiple of 1032?
False
Does 1145 divide 1656097085?
True
Is 35 a factor of 30269469?
False
Is 1729 a factor of 69092909?
False
Does 62 divide 68981093?
False
Is 64 a factor of 228063557?
False
Does 4965 divide 3311610315?
True
Does 99 divide 52421429?
False
Is 39080430 a multiple of 494?
False
Is 4224519 a multiple of 5?
False
Is 1215 a factor of 1025536545?
True
Is 1982 a factor of 873424512?
False
Is 7 a factor of 24427862?
False
Is 8 a factor of 277839419?
False
Is 5282 a factor of 2163802140?
False
Is 138954459 a multiple of 50?
False
Is 18 a factor of 3243918735?
False
Does 150 divide 2190889?
False
Is 10272168 a multiple of 13?
False
Is 1590 a factor of 100280820?
False
Does 846 divide 3765726094?
False
Does 12724 divide 4871523364?
True
Is 932023769 a multiple of 2083?
True
Does 2744 divide 74249896?
True
Is 3230 a factor of 112985400?
True
Does 261 divide 174649056?
False
Is 57 a factor of 42416030?
False
Is 1977188294 a multiple of 101?
False
Is 678106866 a multiple of 666?
False
Does 28 divide 144880204?
True
Is 1191 a factor of 247047533?
False
Is 10 a factor of 11382410?
True
Is 68 a factor of 98865686?
False
Is 11882789 a multiple of 714?
False
Is 248062730 a multiple of 10?
True
Is 19610206 a multiple of 67?
False
Is 4770732 a multiple of 58?
True
Is 701302147 a multiple of 91?
True
Is 11 a factor of 8179862?
False
Is 423340509 a multiple of 73?
False
Is 92882872 a multiple of 1886?
False
Is 5072353958 a multiple of 1587?
False
Is 29390308 a multiple of 956?
True
Is 19 a factor of 140228943?
False
Does 122 divide 1025128546?
True
Is 587 a factor of 171620016?
True
Is 595621494 a multiple of 54?
False
Is 35558550 a multiple of 465?
True
Is 3 a factor of 42152912?
False
Is 1848 a factor of 1118814312?
True
Is 1238249 a multiple of 19?
True
Is 16 a factor of 69027510?
False
Does 23 divide 81925379?
True
Is 117 a factor o